(a) = 9*a + 6. Let n be k(0). Is i(n) composite?
False
Let i be 111/24 - (-45)/120. Suppose 0 = i*s + 4*k - 8273, -2*k = -19*s + 18*s + 1663. Is s a composite number?
False
Suppose 5*f = -16899 - 626. Let y = f - -6697. Is -3 - (-9)/(27/y) a composite number?
False
Let a(h) = -h - 97. Let r(b) = b + 97. Let i(l) = -5*a(l) - 4*r(l). Let z = -38 - -38. Is i(z) a prime number?
True
Suppose 27426111 = 92*d - 26904777 + 18457972. Is d composite?
False
Suppose -6*j - 6 = -66. Suppose j = -5*z - 5*h, 5*z = z - 2*h. Is (2215/(-10))/(-1)*z a composite number?
False
Let p(t) = 1459*t**3 + 6*t**2 + 5*t - 5. Let y(s) = s**2 + s - 1. Let x = -29 + 30. Let h(i) = x*p(i) - 6*y(i). Is h(1) composite?
False
Let p(x) = x**3 - 18*x**2 - 35*x + 10. Let j be p(20). Suppose 0 = 2*r + 9*r + j. Is r/30 + 2083/3 a prime number?
False
Let n be ((-18)/2)/3 + (-78)/(-13). Suppose 8*k = -n*k + 95029. Is k composite?
True
Let g = -3866 + 6166. Suppose m + 2850 = 5*y - 4*m, 4*y + m - g = 0. Suppose -454 = -4*b + y. Is b composite?
False
Suppose 2*g + 98*o = 102*o + 28326, 70829 = 5*g + 4*o. Is g a composite number?
True
Is (-3)/(6 + (-31092)/(-1129672)*-218) a composite number?
False
Suppose 19*q = 29*q + 26*q - 1252116. Is q a composite number?
False
Suppose -j + 6334 = -3*b - 3*j, 0 = -2*b + 5*j - 4229. Let c = 3655 + b. Is c prime?
True
Suppose -4*n + 2*w = -142, 1526 = n - 5*w + 1504. Is n a prime number?
True
Let o(f) = -3*f**3 + f**2 - 6*f - 6. Let r(v) = -v**3 - 3*v - 3. Let w(i) = -6*o(i) + 11*r(i). Suppose -12*a = -0*a - 60. Is w(a) prime?
True
Let a(f) = f**3 + 16*f**2 + 60*f - 25. Let g be a(-9). Let j(x) = 812*x**3 - 3*x**2 - x + 3. Is j(g) prime?
False
Let x(o) = -12050*o + 160. Let u be x(-13). Suppose -6*f - 24*f = -u. Is f a prime number?
True
Let n(k) = -299*k**3 - 36*k**2 - 102*k + 2. Is n(-3) a composite number?
True
Is 21630 - (18 - (-2 + 11)) prime?
False
Let v(n) = -125*n + 85. Let h be 5*8/(-4) + 20/5. Is v(h) composite?
True
Is (12/(-18))/((6 + (-93335840)/15555975)*-5) prime?
False
Is (-2)/(-5) + 8207034/15 - (-21 + 18) a prime number?
True
Let n(d) = -2*d**3 + 67*d**2 + 59*d - 313. Let b be n(34). Let s(c) = c**3 + c**2 + c + 4. Let p be s(0). Suppose -p*v = -b - 1139. Is v composite?
False
Let x(v) = -2*v**2 + 10*v - 17. Let f be x(5). Let c(p) = -141*p + 40. Is c(f) composite?
False
Let r(k) = -k**3 + 8*k**2 + 8*k - 10. Let u be (-13 - -1)/(-3)*(-18)/(-8). Let q be r(u). Let g(f) = f**2 + 3*f - 6. Is g(q) composite?
True
Suppose a - 19233 = -4*n + 12895, 3*a = 4*n - 32144. Is n composite?
True
Let o = 147 + 2392. Is o a prime number?
True
Let t(w) = w**3 + 16*w**2 + w + 3251. Is t(0) prime?
True
Suppose -q - 5*q = -210. Suppose -36*k + q*k = -691. Is k a prime number?
True
Let o = 28 + -22. Suppose 11*s = o*s. Suppose s = -4*l - 4, 0*l - 4*l = -3*q + 235. Is q a composite number?
True
Let f(n) = -n**3 - 6*n**2 - 86*n - 124. Is f(-33) prime?
True
Let g(d) = -56*d**2 - 52*d**2 + 25*d + 55 + 106*d**2 - 238*d**3. Is g(-2) composite?
False
Suppose 8*t = 3*t + 1445. Let r = t + 4. Is r composite?
False
Let i(t) = -t**3 - 38*t**2 + 39*t + 14. Let w be i(-39). Is ((-4)/12)/(w/(-8862)) a composite number?
False
Let j = 214760 + 15831. Is j a composite number?
True
Suppose -3*q + 8 = -5*x, 0 = -4*q - 5*x - 14 + 48. Suppose 5*l = -q + 1. Is 310*(l + 12/8) a composite number?
True
Is -149*((-44)/110)/(4/890) a prime number?
False
Let q = -99 - -173. Let c = q + -60. Suppose -15*w + 391 = -c*w. Is w composite?
True
Let k = 4574 - 795. Is k prime?
True
Let m(v) = -10833*v**3 - 2*v**2 - 14*v - 7. Is m(-2) a prime number?
True
Let z be (5 - 6 - -143)*122*1. Let x = -10245 + z. Is x prime?
True
Is 1*(-12 + (-447249)/(-3)) prime?
False
Suppose -3*s + 345346 = -k, -247*k = 5*s - 253*k - 575555. Is s prime?
True
Let n(j) = -9*j - 8 - 6*j - 12 + 0. Let q be n(5). Let z = -6 - q. Is z a composite number?
False
Let h(b) = -2*b**2 + 13*b + 57. Let w(y) = -5*y**2 + 40*y + 172. Let k(l) = -11*h(l) + 4*w(l). Is k(40) a composite number?
True
Suppose -1219 = 13*t + 302. Let h = t + 115. Is (((-6)/(-2))/3)/(h/(-30)) prime?
False
Let o = 8 + -4. Suppose -m + x + 2*x = o, -3*m - 4*x = -27. Let l(r) = 52*r + 2. Is l(m) composite?
True
Suppose 2*i + 3*d + 20 + 6 = 0, 3*d = 4*i + 16. Let o(l) = -20*l**3 + 11*l**2 + 9*l + 19. Is o(i) a composite number?
True
Let n(p) be the first derivative of 35*p**3 - 19*p**2/2 + 21*p - 18. Is n(13) composite?
False
Let b(f) = -f**2 + 6*f - 6. Let q be b(6). Is ((-1292)/8)/((q/2)/6) prime?
False
Let z(j) = -680*j + 911. Is z(-67) prime?
True
Let t = 158 - 4. Let l = -661 - 294. Let x = t - l. Is x prime?
True
Suppose -160 = 4*j - 28. Is 28/(-77) + (-62514)/j a composite number?
True
Suppose -22*t + 10*t = -14*t + 1808830. Is t composite?
True
Let k(f) = -357622*f - 4417. Is k(-5) composite?
False
Suppose 4*j + 3*w = 37925, -2*j + 20237 = 4*w + 1267. Is j a prime number?
True
Suppose -5*a = -40 - 45. Suppose -2*u + a = -71. Is ((-1529)/u)/(1/(-20)) composite?
True
Suppose 5*t + 5*r = 555120, 3*r = -5*t + 729536 - 174406. Is t prime?
True
Is 5/(-100)*-12 - (-4 + (-6723546)/15) prime?
True
Let h(g) = 571 - 5*g - 4*g - 30. Is h(0) a prime number?
True
Let q be (-6)/(-8) - (-27)/12. Suppose -6*n + 4413 = -q*n. Is n prime?
True
Suppose -337 + 362 = -5*k, 3*k = 4*b - 48203. Is b composite?
True
Let s = -582008 + 2154327. Is s composite?
True
Let p(a) = a**3 + 4*a**2 + 2*a - 1. Let b be p(-2). Let z = -1438 - -2806. Suppose 417 = -b*x + z. Is x a prime number?
True
Is (5802/(-8))/(69/(-7268)) prime?
False
Let n(y) = -240*y. Let g be n(1). Let v(b) = -b**3 - 7*b**2 + 16*b + 18. Let q be v(-9). Is (321/(-4))/(q/g) a composite number?
True
Let y be (-2 - (-13)/6) + (-20)/120. Is y - (-6 + (6 - 10657)) prime?
True
Let n(b) be the first derivative of -3*b**2/2 - 13*b + 3. Let q be n(-5). Is (1 - (-1007)/q)/((-34)/(-68)) prime?
True
Suppose 3*p - 5 = 2*p - 2*h, -4*p + 36 = 4*h. Let t be (-10)/(-65) + (-2121)/p. Let y = 0 - t. Is y a prime number?
True
Let c(b) = 210*b**3 - 13*b**2 + 33*b - 61. Is c(8) prime?
False
Suppose 0 = -61*r + 34*r - 600831. Let k = -8080 - r. Is k composite?
False
Let u = -187560 + 282261. Is u prime?
False
Is (-4)/(-10) - (21/(-56) + 6921529/(-40)) composite?
False
Suppose -2*u - 5*q = -136949, -2*u = u + q - 205430. Suppose -42224 = -31*a + u. Is a composite?
False
Let s(q) = 328*q**2 - 3*q - 18. Let m be s(-5). Let k = m + -3912. Is k prime?
False
Let a(h) = -h**3 + h**2 + 38*h + 55. Suppose -19*c - 247 - 19 = 0. Is a(c) a composite number?
True
Suppose 0 = -154*a + 164*a - 905990. Is a composite?
False
Suppose 4*a - 44 = -8. Suppose -a*f + 15740 = -13357. Is f composite?
True
Let y(g) = 111*g**2 + 5*g - 7. Let o(m) = -223*m**2 - 10*m + 15. Let n(f) = 2*o(f) + 5*y(f). Is n(-6) composite?
False
Let u(i) = i**2 + 5*i + 79. Suppose -v = -3*v + 5*x - 12, -2*v - 26 = 2*x. Let p = v + 11. Is u(p) prime?
True
Let v = -3537 + 8570. Let l(c) = -c**3 + 7*c**2 + 77*c + 13. Let n be l(13). Suppose -3*z = -2*z, -i + z + v = n. Is i prime?
False
Let i = -9 - -25. Let w be 68/i - (1 + 3/(-4)). Suppose -w*g + 2161 = -x, 6*x - 4*x = -3*g + 1629. Is g prime?
True
Let k(u) be the second derivative of -u**5/20 - 11*u**4/12 - 10*u**3/3 - 59*u**2/2 - 15*u. Is k(-14) a composite number?
False
Let s be -41 + 9 - (10 - 4). Is 8305/3 - (s/(-6) - 5) a prime number?
True
Let t be 5/(-6) - (-518)/(-84). Let o(z) = 109*z**2 + 31*z + 17. Is o(t) a composite number?
True
Suppose 0 = 2*z - 5*d - 9908, 4*d + 17275 = 5*z - 7512. Suppose -4*h = -3*a + 7422, 2*h - h = -2*a + z. Suppose 5*g + g = a. Is g composite?
True
Let p(c) = 2*c - 23. Let l be p(14). Suppose -2*x - l = 1. Is (x*13 - 2)*(2 + -49) a composite number?
True
Suppose 0 = 4*f + f - 15. Suppose 18 = 2*m + 5*b, -f*m - 9 = 4*b - 29. Suppose -2377 - 4171 = -m*z. Is z prime?
True
Let i(z) = -9*z**3 - 7*z**2 - 18*z - 7. Let g(v) = -2*v**3 + v - 3*v**3 - 17*v**2 - 24 + 6*v**3 + 0*v**3. Let h be g(17). Is i(h) composite?
True
Suppose 366*k - 1346356 = 218*k. Is k composite?
True
Let s(z) = 7*z - 124. Let b be s(18). Is 12/(-48)*b*-1258 prime?
False
Suppose 25*k - 23*k + 4 = 0. Is (-2 + 1)/(k*(-4)/(-4984)) prime?
False
Suppose 3*g + 3*v - 243282 = 0, 5*v = g + 24368 - 105480. Is g prime?
True
Let u(r) be th